1547750.
2, 3, 5, 31799
What are the prime factors of 1263281275?
5, 47, 1075133
List the prime factors of 46686917.
229, 203873
List the prime factors of 159458473.
1579, 100987
What are the prime factors of 2204611249?
19, 23, 5044877
List the prime factors of 289002073.
347, 751, 1109
List the prime factors of 41049053.
31, 149, 8887
What are the prime factors of 5439437326?
2, 941, 1621, 1783
What are the prime factors of 229632344?
2, 151, 190093
List the prime factors of 198218274.
2, 3, 33036379
What are the prime factors of 232169693?
7, 4738157
What are the prime factors of 508023584?
2, 15875737
List the prime factors of 57988566.
2, 3, 23, 140069
List the prime factors of 490363611.
3, 23, 31, 229249
What are the prime factors of 47052993?
3, 13, 29, 41603
List the prime factors of 242457307.
242457307
What are the prime factors of 33829264?
2, 7, 41, 53, 139
What are the prime factors of 3117504536?
2, 41, 2609, 3643
List the prime factors of 17390817.
3, 107, 18059
What are the prime factors of 335054885?
5, 11, 179, 34033
What are the prime factors of 1143006378?
2, 3, 877, 217219
What are the prime factors of 428458803?
3, 17, 8401153
List the prime factors of 43385757.
3, 71, 347, 587
What are the prime factors of 936700199?
936700199
What are the prime factors of 789519680?
2, 5, 79, 31231
What are the prime factors of 2485364577?
3, 271, 1297, 2357
What are the prime factors of 221165134?
2, 401, 275767
What are the prime factors of 46669151?
46669151
List the prime factors of 146441892.
2, 3, 19, 31, 20719
What are the prime factors of 563740637?
373, 401, 3769
List the prime factors of 4628459.
11, 420769
List the prime factors of 786041564.
2, 7, 11, 1559, 1637
List the prime factors of 64916994.
2, 3, 23, 470413
List the prime factors of 40134558.
2, 3, 271, 24683
List the prime factors of 3155200439.
19, 166063181
What are the prime factors of 179308268?
2, 44827067
What are the prime factors of 248941277?
13, 89, 215161
List the prime factors of 575100005.
5, 115020001
What are the prime factors of 314209755?
3, 5, 229, 30491
List the prime factors of 36475436.
2, 9118859
What are the prime factors of 581626766?
2, 7, 5934967
What are the prime factors of 1253851102?
2, 7, 467, 27397
What are the prime factors of 120521110?
2, 5, 227, 53093
What are the prime factors of 2308576817?
19, 97, 829, 1511
What are the prime factors of 2605763237?
7, 11, 47, 720023
What are the prime factors of 104985955?
5, 4241, 4951
List the prime factors of 47841912.
2, 3, 664471
What are the prime factors of 6377639?
6377639
List the prime factors of 5778622882.
2, 29, 3343, 29803
List the prime factors of 41113554.
2, 3, 6852259
What are the prime factors of 3758764627?
23, 733, 222953
What are the prime factors of 653874170?
2, 5, 19, 3441443
What are the prime factors of 25390204?
2, 7, 906793
What are the prime factors of 2372538656?
2, 74141833
What are the prime factors of 3723279635?
5, 744655927
List the prime factors of 8464915377.
3, 23, 4967, 8233
List the prime factors of 28963954.
2, 17, 851881
List the prime factors of 1051753311.
3, 7, 16694497
What are the prime factors of 995072587?
995072587
List the prime factors of 6395868.
2, 3, 59221
What are the prime factors of 920596853?
11, 83690623
What are the prime factors of 831009649?
61, 449, 30341
List the prime factors of 2152124080.
2, 5, 523, 51437
What are the prime factors of 27515425?
5, 7, 157231
List the prime factors of 213730117.
179, 1194023
What are the prime factors of 895628902?
2, 7, 63973493
What are the prime factors of 36138953?
36138953
List the prime factors of 4187779770.
2, 3, 5, 31, 41, 109829
What are the prime factors of 1067501705?
5, 12473, 17117
List the prime factors of 111727091.
7, 41, 71, 5483
What are the prime factors of 104529490?
2, 5, 13, 804073
List the prime factors of 43094244.
2, 3, 3591187
What are the prime factors of 76466110?
2, 5, 7, 1092373
List the prime factors of 36969302.
2, 53, 229, 1523
List the prime factors of 155345273.
19, 509, 16063
What are the prime factors of 128099266?
2, 59, 1085587
List the prime factors of 103064706.
2, 3, 2053, 2789
List the prime factors of 479177272.
2, 7, 179, 6829
List the prime factors of 28770188.
2, 17, 423091
List the prime factors of 1304389044.
2, 3, 7, 1607, 3221
What are the prime factors of 1377627073?
31, 44439583
What are the prime factors of 476764945?
5, 47, 53, 101, 379
What are the prime factors of 13180559?
7, 17, 15823
What are the prime factors of 163280660?
2, 5, 8164033
List the prime factors of 78383224.
2, 9797903
What are the prime factors of 5704948?
2, 1426237
List the prime factors of 158043274.
2, 41, 1927357
What are the prime factors of 430345398?
2, 3, 7, 10246319
List the prime factors of 345362069.
13, 19, 1398227
What are the prime factors of 34747980?
2, 3, 5, 579133
What are the prime factors of 65360279?
659, 99181
List the prime factors of 47247215.
5, 1237, 7639
What are the prime factors of 1946590?
2, 5, 194659
List the prime factors of 31556550.
2, 3, 5, 79, 2663
List the prime factors of 103824963.
3, 11, 349579
What are the prime factors of 16648699?
1223, 13613
What are the prime factors of 2839794060?
2, 3, 5, 31, 53, 28807
List the prime factors of 46124932.
2, 7, 19, 277, 313
List the prime factors of 3963185552.
2, 607, 408071
What are the prime factors of 715309957?
5333, 134129
List the prime factors of 7588040416.
2, 11, 21556933
What are the prime factors of 53123646?
2, 3, 31, 285611
List the prime factors of 2877406264.
2, 17, 4549, 4651
List the prime factors of 225263708.
2, 263, 214129
What are the prime factors of 4601452594?
2, 17, 337, 401593
What are the prime factors of 3014422266?
2, 3, 8737, 57503
What are the prime factors of 58327258?
2, 11, 2651239
List the prime factors of 55845132.
2, 3, 7, 43, 15461
What are the prime factors of 450587344?
2, 53, 531353
What are the prime factors of 185976257?
97, 1917281
What are the prime factors of 266956856?
2, 33369607
What are the prime factors of 909284903?
909284903
What are the prime factors of 7187303?
157, 45779
List the prime factors of 656173763.
7, 79, 743, 1597
List the prime factors of 3641300009.
17807, 204487
List the prime factors of 2010833899.
17, 118284347
List the prime factors of 53070615.
3, 5, 13, 83, 1093
List the prime factors of 109729166.
2, 1399, 39217
What are the prime factors of 231803516?
2, 7, 107, 1579
What are the prime factors of 36863617?
7, 251, 20981
What are the prime factors of 65863608?
2, 3, 2744317
List the prime factors of 117899876.
2, 47, 107, 5861
What are the prime factors of 2013641760?
2, 3, 5, 13, 103, 241
List the prime factors of 266680845.
3, 5, 859, 6899
List the prime factors of 51375034.
2, 199, 129083
List the prime factors of 120904789.
37, 3267697
What are the prime factors of 302816397?
3, 13, 597271
What are the prime factors of 1380912017?
409, 3376313
What are the prime factors of 363537720?
2, 3, 5, 7, 13, 137
What are the prime factors of 1330469251?
1783, 746197
What are the prime factors of 285881517?
3, 2543, 12491
What are the prime factors of 484817230?
2, 5, 23, 929, 2269
List the prime factors of 387530172.
2, 3, 59, 182453
What are the prime factors of 77177945?
5, 13, 1187353
List the prime factors of 1637791.
173, 9467
List the prime factors of 1486157757.
3, 7, 70769417
List the prime factors of 529396377.
3, 71, 2485429
What are the prime factors of 1215523369?
59, 1721, 11971
What are the prime factors of 2283026416?
2, 11, 2371, 5471
List the prime factors of 6304355969.
59, 5527, 19333
What are the prime factors of 48326202?
2, 3, 137, 19597
What are the prime factors of 933892818?
2, 3, 155648803
What are the prime factors of 929916967?
7, 37, 3590413
List the prime factors of 223819934.
2, 13, 97, 88747
List the prime factors of 103536738.
2, 3, 19, 100913
List the prime factors of 560827030.
2, 5, 47, 1019, 1171
What are the prime factors of 2502223862?
2, 113, 11071787
List the prime factors of 639625382.
2, 11, 61, 541, 881
List the prime factors of 584117983.
584117983
What are the prime factors of 1333047?
3, 444349
What are the prime factors of 190493462?
2, 41, 67, 34673
What are the prim